10?
0
What is the units digit of 1822?
2
What is the ten thousands digit of 13641?
1
What is the hundreds digit of 2049?
0
What is the thousands digit of 126259?
6
What is the tens digit of 361?
6
What is the tens digit of 5637?
3
What is the units digit of 1917?
7
What is the units digit of 57?
7
What is the thousands digit of 2450?
2
What is the tens digit of 589?
8
What is the tens digit of 30720?
2
What is the hundreds digit of 38596?
5
What is the thousands digit of 26379?
6
What is the units digit of 94?
4
What is the hundreds digit of 266?
2
What is the thousands digit of 108891?
8
What is the units digit of 3363?
3
What is the units digit of 24819?
9
What is the tens digit of 167877?
7
What is the tens digit of 8744?
4
What is the ten thousands digit of 143148?
4
What is the units digit of 29164?
4
What is the tens digit of 2548?
4
What is the units digit of 36361?
1
What is the units digit of 32955?
5
What is the ten thousands digit of 33386?
3
What is the hundreds digit of 18075?
0
What is the thousands digit of 1214?
1
What is the tens digit of 7542?
4
What is the thousands digit of 4819?
4
What is the tens digit of 10494?
9
What is the units digit of 3804?
4
What is the thousands digit of 10190?
0
What is the units digit of 84058?
8
What is the tens digit of 8556?
5
What is the thousands digit of 23254?
3
What is the hundreds digit of 579?
5
What is the tens digit of 16667?
6
What is the hundreds digit of 111?
1
What is the units digit of 914?
4
What is the tens digit of 14460?
6
What is the units digit of 9741?
1
What is the tens digit of 98940?
4
What is the tens digit of 76529?
2
What is the thousands digit of 29537?
9
What is the tens digit of 27106?
0
What is the tens digit of 42?
4
What is the thousands digit of 2363?
2
What is the units digit of 11397?
7
What is the units digit of 21342?
2
What is the hundreds digit of 130?
1
What is the units digit of 23331?
1
What is the tens digit of 61191?
9
What is the thousands digit of 56337?
6
What is the tens digit of 782?
8
What is the tens digit of 897?
9
What is the hundreds digit of 2523?
5
What is the tens digit of 2295?
9
What is the hundreds digit of 819?
8
What is the hundreds digit of 70442?
4
What is the hundreds digit of 31353?
3
What is the units digit of 405?
5
What is the ten thousands digit of 42707?
4
What is the ten thousands digit of 37301?
3
What is the thousands digit of 26684?
6
What is the hundreds digit of 2116?
1
What is the hundreds digit of 11262?
2
What is the thousands digit of 31835?
1
What is the ten thousands digit of 29137?
2
What is the thousands digit of 26416?
6
What is the tens digit of 523?
2
What is the units digit of 1431?
1
What is the units digit of 2561?
1
What is the hundreds digit of 76993?
9
What is the units digit of 769?
9
What is the units digit of 74?
4
What is the units digit of 7437?
7
What is the ten thousands digit of 106211?
0
What is the units digit of 356?
6
What is the hundreds digit of 2703?
7
What is the thousands digit of 1119?
1
What is the units digit of 3080?
0
What is the tens digit of 6026?
2
What is the tens digit of 96?
9
What is the hundreds digit of 26230?
2
What is the hundreds digit of 27525?
5
What is the thousands digit of 1877?
1
What is the hundreds digit of 3050?
0
What is the thousands digit of 4454?
4
What is the tens digit of 55?
5
What is the units digit of 3959?
9
What is the tens digit of 1370?
7
What is the thousands digit of 13402?
3
What is the thousands digit of 1464?
1
What is the thousands digit of 10680?
0
What is the tens digit of 11947?
4
What is the thousands digit of 2063?
2
What is the hundreds digit of 770?
7
What is the hundreds digit of 701?
7
What is the tens digit of 644?
4
What is the units digit of 4195?
5
What is the units digit of 1047?
7
What is the units digit of 1169?
9
What is the ten thousands digit of 21914?
2
What is the hundreds digit of 946?
9
What is the tens digit of 105?
0
What is the tens digit of 434?
3
What is the hundred thousands digit of 171783?
1
What is the units digit of 31008?
8
What is the tens digit of 2022?
2
What is the hundreds digit of 102?
1
What is the hundreds digit of 12078?
0
What is the thousands digit of 10021?
0
What is the thousands digit of 114363?
4
What is the ten thousands digit of 48181?
4
What is the tens digit of 5417?
1
What is the tens digit of 176932?
3
What is the ten thousands digit of 10663?
1
What is the units digit of 359?
9
What is the hundreds digit of 278?
2
What is the units digit of 181?
1
What is the ten thousands digit of 38207?
3
What is the hundreds digit of 4320?
3
What is the tens digit of 1472?
7
What is the thousands digit of 1353?
1
What is the tens digit of 16029?
2
What is the thousands digit of 10357?
0
What is the ten thousands digit of 33013?
3
What is the hundreds digit of 1216?
2
What is the hundreds digit of 1962?
9
What is the hundreds digit of 1312?
3
What is the tens digit of 65158?
5
What is the tens digit of 375?
7
What is the tens digit of 438?
3
What is the ten thousands digit of 71189?
7
What is the ten thousands digit of 11631?
1
What is the tens digit of 1821?
2
What is the hundreds digit of 22089?
0
What is the tens digit of 45166?
6
What is the units digit of 185659?
9
What is the hundreds digit of 15631?
6
What is the hundreds digit of 16239?
2
What is the units digit of 69760?
0
What is the thousands digit of 3018?
3
What is the thousands digit of 6501?
6
What is the units digit of 2472?
2
What is the thousands digit of 53653?
3
What is the units digit of 29220?
0
What is the units digit of 939?
9
What is the units digit of 275?
5
What is the tens digit of 4029?
2
What is the tens digit of 15?
1
What is the units digit of 6486?
6
What is the hundreds digit of 5309?
3
What is the tens digit of 55620?
2
What is the units digit of 579?
9
What is the hundreds digit of 11842?
8
What is the units digit of 31254?
4
What is the ten thousands digit of 12065?
1
What is the ten thousands digit of 18001?
1
What is the thousands digit of 23994?
3
What is the hundreds digit of 169614?
6
What is the tens digit of 394?
9
What is the units digit of 27753?
3
What is the units digit of 274?
4
What is the thousands digit of 1567?
1
What is the units digit of 4076?
6
What is the units digit of 94?
4
What is the ten thousands digit of 16608?
1
What is the hundred thousands digit of 140740?
1
What is the hundreds digit of 344?
3
What is the hundreds digit of 585?
5
What is the thousands digit of 18815?
8
What is the hundreds digit of 33695?
6
What is the units digit of 25461?
1
What is the tens digit of 11788?
8
What is the units digit of 4623?
3
What is the units digit of 653?
3
What is the tens digit of 4637?
3
What is the hundreds digit of 2912?
9
What is the units digit of 142833?
3
What is the units digit of 1511?
1
What is the tens digit of 40191?
9
What is the units digit of 1279?
9
What is the tens digit of 20938?
3
What is the tens digit of 1763?
6
What is the thousands digit of 6127?
6
What is the ten thousands digit of 24537?
2
What is the tens digit of 1450?
5
What is the ten thousands digit of 68094?
6
What is the hundreds digit of 5607?
6
What is the thousands digit of 2788?
2
What is the ten thousands digit of 85932?
8
What is the hundreds digit of 567?
5
What is the thousands digit of 37156?
7
What is the ten thousands digit of 13314?
1
What is the tens digit of 2871?
7
What is the units digit of 44197?
7
What is the ten thousands digit of 14765?
1
What is the hundreds digit of 410?
4
What is the thousands digit of 6847?
6
What is the ten thousands digit of 64632?
6
What is the units digit of 11702?
2
What is the thousands digit of 26278?
6
What is the tens digit of 3615?
1
What is the hundreds digit of 816?
8
What is the tens digit of 6872?
7
What is the thousands digit of 29418?
9
What is the units digit of 139818?
8
What is the thousands digit of 2290?
2
What is the tens digit of 6914?
1
What is the units digit of 25701?
1
What is the hundreds digit of 16575?
5
What is the hundreds digit of 812?
8
What is the units digit of 618?
8
What is the thousands digit of 68280?
8
What is the thousands digit of 27218?
7
What is the ten thousands digit of 12677?
1
What is the thousands digit of 1480?
1
Wha